mposite number?
True
Is 1282259579 a prime number?
False
Is 1752737267 a prime number?
False
Is 23717738413 a composite number?
True
Is 165384660013 a composite number?
False
Is 16112617061 prime?
True
Is 25692015241 a composite number?
False
Is 2513006431 a prime number?
False
Is 8002755181 a composite number?
False
Is 11009247299 a composite number?
True
Is 9773231 a prime number?
False
Is 4460779969 a composite number?
False
Is 1625350007 a composite number?
False
Is 79564073243 prime?
True
Is 555046729 prime?
True
Is 2240653271 composite?
False
Is 3479974651 composite?
True
Is 150307109 composite?
True
Is 430096403 a composite number?
True
Is 112182012401 composite?
False
Is 131627719 composite?
True
Is 6291648943 a prime number?
True
Is 48579019213 prime?
False
Is 2069202103 prime?
True
Is 38668321 prime?
True
Is 2207702881 prime?
True
Is 390823063 composite?
True
Is 147435425159 composite?
True
Is 10102805051 a prime number?
True
Is 2993450293 prime?
True
Is 508131061 composite?
False
Is 10594547609 a prime number?
True
Is 5742609023 composite?
True
Is 683958767 a prime number?
True
Is 6481538579 composite?
False
Is 1901301361 a composite number?
True
Is 66886484659 composite?
True
Is 1099973614 a prime number?
False
Is 40854305243 prime?
False
Is 934157323 a composite number?
True
Is 1623966601 composite?
True
Is 13168940779 a prime number?
False
Is 225306749209 a composite number?
True
Is 4722129739 a composite number?
True
Is 580811587 composite?
False
Is 80451759 a composite number?
True
Is 52836443041 a prime number?
True
Is 4269746053 composite?
False
Is 988782413 composite?
True
Is 90752700649 a prime number?
False
Is 1297222697 composite?
False
Is 1804017647 a prime number?
True
Is 2809319857 composite?
False
Is 7190967257 a prime number?
True
Is 340258847 prime?
False
Is 16731847453 composite?
True
Is 29922075383 a composite number?
True
Is 74747981551 a composite number?
False
Is 62408639 composite?
False
Is 10461265097 a prime number?
False
Is 2563373377 a prime number?
False
Is 9869751757 composite?
False
Is 3637202467 composite?
False
Is 36941413 a prime number?
False
Is 1538063783 prime?
False
Is 22651173841 prime?
False
Is 45669839 a composite number?
False
Is 1632838733 prime?
False
Is 3694069567 a prime number?
True
Is 7367656693 a composite number?
False
Is 284102111 a prime number?
False
Is 49706500601 a prime number?
True
Is 4677165503 prime?
True
Is 7394458597 a composite number?
False
Is 2138355433 a prime number?
False
Is 89803308281 composite?
False
Is 5383814119 composite?
True
Is 5723003669 composite?
False
Is 9390750763 a prime number?
True
Is 2859887089 composite?
True
Is 164705764631 a prime number?
True
Is 450772621 a composite number?
True
Is 322623859 prime?
False
Is 7101697151 a prime number?
True
Is 18816585049 a composite number?
True
Is 5141999591 a composite number?
False
Is 15292937899 prime?
True
Is 20747552807 a prime number?
False
Is 162086417 a prime number?
False
Is 2379825059 prime?
False
Is 42867871 a prime number?
False
Is 4344665219 a composite number?
False
Is 314977213 a composite number?
True
Is 17357285269 composite?
False
Is 44066816593 a composite number?
False
Is 4346309995 composite?
True
Is 208992751 prime?
False
Is 6128946823 composite?
False
Is 339116642 composite?
True
Is 36540149 composite?
False
Is 1359798401 composite?
True
Is 11791941361 composite?
False
Is 7542524047 composite?
False
Is 22026273323 composite?
True
Is 37752708715 prime?
False
Is 66817172891 prime?
False
Is 3243110447 a prime number?
True
Is 131948628113 a prime number?
False
Is 20253499933 a composite number?
True
Is 4063710683 a composite number?
False
Is 2976533149 a prime number?
False
Is 9597945613 prime?
True
Is 78319847 composite?
False
Is 633878383 prime?
False
Is 1352157847 prime?
True
Is 936322997 prime?
False
Is 5824841523 a prime number?
False
Is 24770232841 composite?
False
Is 24282508993 a composite number?
True
Is 130726091 prime?
True
Is 215813833 a composite number?
False
Is 1060410973 a prime number?
False
Is 409211941 a prime number?
True
Is 45655316519 composite?
False
Is 17266829147 a composite number?
True
Is 6279170791 a composite number?
False
Is 8914580329 prime?
True
Is 91589689 a composite number?
True
Is 3200578705 prime?
False
Is 12055214023 composite?
False
Is 8417238927 a prime number?
False
Is 7331410067 a composite number?
False
Is 51229421921 a prime number?
False
Is 9225644291 composite?
False
Is 1872202609 composite?
True
Is 7063902267 composite?
True
Is 1883182841 a prime number?
True
Is 103401469 composite?
False
Is 529814029 composite?
False
Is 2376388373 prime?
True
Is 3760133107 a composite number?
False
Is 3302716087 composite?
True
Is 29997277 composite?
True
Is 12716960621 prime?
False
Is 25849623967 a prime number?
False
Is 6128908733 composite?
False
Is 54262608053 a prime number?
False
Is 9095804045 a prime number?
False
Is 1172252623 a composite number?
False
Is 6172707943 a prime number?
False
Is 22561475473 a composite number?
False
Is 1430090297 prime?
False
Is 247058753 composite?
False
Is 14782802087 a prime number?
True
Is 1117602151 prime?
False
Is 44073843603 a composite number?
True
Is 203116202 composite?
True
Is 554551331 a prime number?
True
Is 233639297 a composite number?
False
Is 571128037 prime?
True
Is 1455352597 prime?
False
Is 3558588591 a composite number?
True
Is 20821649911 a prime number?
False
Is 1726677937 prime?
False
Is 259206217507 prime?
True
Is 13549571471 composite?
True
Is 2782518317 a composite number?
False
Is 732141203 a prime number?
True
Is 8995617797 a prime number?
True
Is 221967652099 composite?
False
Is 15269224627 a prime number?
True
Is 41473727819 a composite number?
True
Is 1308611158 prime?
False
Is 5550280339 prime?
True
Is 1822188343 a composite number?
False
Is 1132722749 a composite number?
True
Is 3160544129 composite?
False
Is 18158113511 prime?
False
Is 1587430043 a prime number?
False
Is 4006018817 prime?
True
Is 45588389729 a composite number?
False
Is 2348584627 composite?
True
Is 193686164569 a composite number?
True
Is 21438496609 prime?
False
Is 208654157 composite?
False
Is 37217020537 prime?
False
Is 91687431739 composite?
True
Is 22392666199 a composite number?
True
Is 8303126207 prime?
True
Is 1932204881 a prime number?
True
Is 7306883329 composite?
True
Is 3281485907 prime?
False
Is 2520926899 a prime number?
True
Is 4241891999 a composite number?
True
Is 4090603093 prime?
True
Is 26495452985 a prime number?
False
Is 107855815142 composite?
True
Is 71515201067 prime?
True
Is 7804552871 prime?
False
Is 1145409311 prime?
True
Is 123636703 composite?
True
Is 1178006399 prime?
True
Is 3702222701 prime?
False
Is 10630691231 composite?
False
Is 472969643 prime?
True
Is 95877191 prime?
False
Is 745131927 a prime number?
False
Is 127410539599 prime?
False
Is 93182696678 prime?
False
Is 16459286213 a composite number?
True
Is 107996183965 composite?
True
Is 7415078735 a composite number?
True
Is 1034771737 prime?
False
Is 525675259 a composite number?
False
Is 27691051 a prime number?
False
Is 34571408647 a prime number?
True
Is 24115980851 a prime number?
False
Is 211166799061 prime?
False
Is 166654051903 a composite number?
True
Is 33221619413 composite?
False
Is 1542354883 composite?
False
Is 3612274541 prime?
True
Is 114913597 a composite number?
True
Is 3312682189 a prime number?
False
Is 32351832445 composite?
True
Is 15322109903 a composite number?
True
Is 1280915509 a prime number?
True
Is 31646848421 prime?
False
Is 2980356937 composite?
True
Is 384971479 a prime number?
False
Is 1508994037 prime?
False
Is 8493476081 a composite number?
False
Is 5760912193 a composite number?
True
Is 470655839 a composite number?
True
Is 353543387 prime?
True
Is 464595973 composite?
False
Is 53680296913 composite?
True
Is 2465328407 a prime number?
True
Is 664589389 a composite number?
True
Is 196460189 composite?
False
Is 24428059087 composite?
True
Is 35969524531 composite?
False
Is 258274763 composite?
True
Is 10929794578 composite?
True
Is 2472788557 a composite number?
True
Is 1664410291 a composite number?
False
Is 1070595133 a prime number?
True
Is 3279864605 a prime number?
False
Is 3775461929 prime?
Tru